17, 53
Let l be (-9)/(-4) + (-7 + 11)/(-16). Let w be -3 - ((-2 - l) + 4)/(-1). List the prime factors of 24*(-2)/w*57/8.
2, 3, 19
Suppose 4*a - 2*z = 152, 4*z = -19*a + 22*a - 109. Suppose -66 = -g - h, h - 2*h - 182 = -3*g. Let w = g - a. What are the prime factors of w?
23
Suppose -4*r - 31208 = -5*s, -s + 0*r + 6242 = -r. List the prime factors of s.
2, 3, 5, 13
Let x = -42842 - -110327. What are the prime factors of x?
3, 5, 11, 409
Let v(n) = 7*n**3 + 28*n**2 - 42*n + 13. Let r(s) = -s**3 - 2*s**2 + s - 1. Let y(j) = -4*r(j) - v(j). What are the prime factors of y(-10)?
13, 47
Let o(c) = 22*c + 2*c**2 + c**3 + 6*c**2 - 13*c**2 + 13 - 4*c. What are the prime factors of o(9)?
499
Let l be 1/3 - (-96)/36. Let n(d) = 63*d + 111 + 56*d - 119*d - d**l - d**2. What are the prime factors of n(0)?
3, 37
Let k = -8 - -10. Suppose -k*o + c = -192, -4*o = -2*o + c - 184. List the prime factors of (-2)/(-2)*(15 + o).
109
Let v(q) = 2*q - 3*q + 75 - 3*q - 5*q. Let s(i) = -8*i + 76. Let t(m) = 6*s(m) - 5*v(m). List the prime factors of t(0).
3
Let k(i) be the second derivative of i**3/6 + 87*i**2/2 - 2*i. Let j be (-4 - -6 - 2)*1. List the prime factors of k(j).
3, 29
Let h(p) = 16*p**2 + 20*p - 473. List the prime factors of h(19).
5683
Suppose -8922 = -v - 3*s, 2*v + 22*s = 25*s + 17853. List the prime factors of v.
3, 5, 7, 17
Suppose -7*f = -5*n - 7175, 3*f = 3*n + 3357 - 282. List the prime factors of f.
5, 41
Let m = 38949 - 13626. List the prime factors of m.
3, 23, 367
Let f(s) = 12*s**2 - 28*s - 99. What are the prime factors of f(17)?
11, 263
Let x be (-3)/(-3)*((-20)/5 + 3). What are the prime factors of (11*(-1)/(-2))/(x/(-4))?
2, 11
Let v be (2 - 20/3)*(-2 - 1). Let o(k) = -k**3 + 16*k**2 - 4*k + 8. What are the prime factors of o(v)?
2, 43
Let u(f) = -20*f + 51. Let i(r) = 21*r - 50. Let t(h) = -4*i(h) - 5*u(h). What are the prime factors of t(26)?
19
Let l = 25657 - 7816. List the prime factors of l.
3, 19, 313
Let z = -65 + 72. Suppose z*j = 5*j - 6. Let m(i) = i**2 + 2*i + 3. List the prime factors of m(j).
2, 3
Let g(z) = -2*z**2 + 28*z + 30. Let i be g(13). Let x(j) = -71 - 2*j**2 + 143 - 87 + i*j. List the prime factors of x(23).
5, 43
Let k(j) = -9*j**2 - 110*j - 6. Let x be k(-12). Let u = 858 - x. List the prime factors of u.
2, 3, 5, 7
Let g = -81717 + 147559. List the prime factors of g.
2, 7, 4703
Suppose 25*k - 13305 = 10*k. Suppose 0 = 4*n - k - 405. List the prime factors of n.
17, 19
Let j(x) be the first derivative of -x**4/4 - 11*x**3/3 + 27*x**2/2 + 32*x + 43. List the prime factors of j(-13).
19
Suppose 88*s = 5*y + 91*s, -y = -2*s. Suppose 3*b = -d + 179, 5*d + 5*b - 176 - 709 = y. List the prime factors of d.
2, 11
Suppose -4*b + 2*x = -12, -11 = 5*x - 1. Suppose 0 = -2*g - m + 310 + 885, -1197 = -b*g - 3*m. List the prime factors of g.
3, 199
Suppose -3*i + 3*s + 24 = 0, 5*i - 2 = s + 26. Let z = 48 - 23. What are the prime factors of ((-656)/(-20))/(i/z)?
2, 41
Suppose 3*f = 40*l - 44*l + 12639, -3*l + f + 9502 = 0. What are the prime factors of l?
3, 5, 211
Suppose 103*t - 9 = 100*t. Suppose 4*y - 1306 = -5*r, -8*y - 4*r + 1637 = -t*y. What are the prime factors of y?
7, 47
Let q be (7790/(-114))/(0 - (-1)/(-21)). Let p = q - 206. What are the prime factors of p?
1229
Suppose 183121 + 207983 = 96*j. List the prime factors of j.
2, 3, 7, 97
Suppose 5*o = -5*h - 70, -h - 30 = 3*o + 2*o. Let n = h - -422. List the prime factors of n.
2, 103
Let v be ((-5620)/8 - -2)/((-12)/(-24)). Let q = v - -2501. What are the prime factors of q?
2, 5, 11
Let h(m) = 21*m + 9. Let x be h(13). Let w be x + (-1 - (-2 + 3)). Suppose 8*o + w = 12*o. What are the prime factors of o?
2, 5, 7
Let f(t) = 29*t + 887. What are the prime factors of f(-5)?
2, 7, 53
Suppose -4*t + 4*w + 202836 = 16*w, 202904 = 4*t - 5*w. What are the prime factors of t?
3, 11, 29, 53
Let q(o) = 4*o**2 + 14*o + 130. Let l be q(23). Let w = -1044 + l. List the prime factors of w.
2, 3, 127
What are the prime factors of (4 + -15)/(5126/1282 + -4)?
11, 641
Let j = 108 - 68. Let u be -9 + ((-156)/12 - -24). List the prime factors of (168/j)/(u/20).
2, 3, 7
Suppose 1748 = -14*f + 28908. List the prime factors of f.
2, 5, 97
Let p(i) = -i**3 + i**2 - 7. Let k be p(0). Let r(g) = 4*g**2 - 10*g - 10. Let c be r(k). Let u = -154 + c. What are the prime factors of u?
2, 3, 17
Suppose 0 = -994*b + 947*b + 3157037. List the prime factors of b.
13, 5167
Let b = 99 + -57. Suppose -b*v = -47*v + 1295. Let k = 513 - v. List the prime factors of k.
2, 127
Suppose -a - t = -293 - 350, -6*a - 3*t = -3837. What are the prime factors of a?
2, 3, 53
Let o = -1045 + 674. Let d = 833 + o. What are the prime factors of d?
2, 3, 7, 11
Let u = 388 - 282. Suppose -4*k - 20 = 0, -210 = -3*b + 7*b + 2*k. Let x = b + u. What are the prime factors of x?
2, 7
Let x be (-5)/(-40)*8 - (-10)/10. Suppose 4*i - 10 = -i. Suppose 5*f - 305 = -x*m, -i*f = -0*f + 5*m - 122. What are the prime factors of f?
61
Suppose -4*x + 83 = -5*p, -3*x - p + 2*p + 76 = 0. Suppose 0*t - 45 = 5*t - 4*r, 3*t = r - x. What are the prime factors of ((-74)/(-8))/(t/(-36))?
37
Suppose -5*w - 130 = -5*q, -3*w - 24 = 2*q + 59. Let r be (-128)/(-5) + w/45. Suppose -31*y = -r*y - 738. What are the prime factors of y?
3, 41
Let y be (160/(-24))/(10/75). List the prime factors of ((-4 - 1) + 10)/((-2)/y).
5
Let g(x) = 3*x**2 - 6*x + 7. Let z(o) = 3*o**2 - 5*o + 6. Let q(n) = -4*g(n) + 5*z(n). Let h be q(1). Suppose 41 + 523 = h*a. What are the prime factors of a?
3, 47
Let b(c) = -4*c + 2. Let q be b(-1). Suppose -8*m + 10234 = q*m. What are the prime factors of m?
17, 43
Suppose 4*v = -3*k - 107 + 700, -4*k + 774 = -3*v. Let b be 30/k - 1116/(-13). Let y = b - -73. What are the prime factors of y?
3, 53
Let r(i) = 2027*i**2 + 10*i - 18. List the prime factors of r(-2).
2, 3, 5, 269
Suppose 246*u - 40100 = 236*u. What are the prime factors of u?
2, 5, 401
Suppose -44*s + 111048 = -93552. What are the prime factors of s?
2, 3, 5, 31
Let v(n) = 158*n**2 - 38*n - 194. What are the prime factors of v(-5)?
2, 1973
Let n = 1179 + 445. Suppose n - 34272 = -28*i. List the prime factors of i.
2, 11, 53
Let l(k) = -17*k**2 - 3*k + 44. Let y be l(-6). Let t = y + 868. What are the prime factors of t?
2, 3, 53
Let t(p) = 20327*p**2 + 21*p + 19. What are the prime factors of t(-1)?
3, 5, 271
Suppose 3*x + 2*v - 23491 = 0, x - 864 = -5*v + 6962. List the prime factors of x.
41, 191
Let d = 160 - 172. What are the prime factors of d/27 - 25080/(-54)?
2, 29
Let b be (-432)/(-36)*17/2. Let z = b + -163. Let v = z + 88. What are the prime factors of v?
3
Let u = -4147 + 4247. Suppose 0 = -0*i + 3*i. Suppose -l + u + 8 = i. What are the prime factors of l?
2, 3
Suppose 4*z + 4*k + 4094 = 646, -4*z = -4*k + 3408. Let y = 30 - z. What are the prime factors of y?
887
Let g(s) be the first derivative of -7*s**2 - 38*s + 36. Let h be g(20). Let f = 584 + h. List the prime factors of f.
2, 7, 19
Let p(y) = y**2 + 71*y + 169. List the prime factors of p(-95).
31, 79
Let x(g) be the first derivative of -g**4/4 - 7*g**3/3 - 7*g**2 - 45*g - 9. Let l be x(-8). Suppose -12*z - l = -1487. List the prime factors of z.
113
Let n(v) be the third derivative of 3*v**5/20 + 5*v**4/8 + 29*v**3/6 + 13*v**2 + 3*v. List the prime factors of n(-10).
19, 41
Let i(v) = -1147*v - 1. Let k(n) = -10*n - 31. Let r be k(-3). What are the prime factors of i(r)?
2, 3, 191
Let r be ((-4)/10)/(4/20*-1). Suppose 15 = 5*z - r*f + 1, 23 = 5*z + f. Suppose -z*n + 359 = 5*g - 591, 3*g - 2*n - 570 = 0. List the prime factors of g.
2, 5, 19
Suppose 0 = -4*k + 3*d + 18504, 2*k - 8*d = -4*d + 9262. List the prime factors of k.
3, 23, 67
Suppose -j = 6*j - 28. Suppose 2*w + 0*w - c = 277, j*w - 3*c = 559. Suppose 5*x = -2*v + 277 + w, 0 = -3*v + x + 628. What are the prime factors of v?
11, 19
Let w = 17816 + -10198. List the prime factors of w.
2, 13, 293
Suppose 2*u + 5*i = -43 - 30, 0 = 3*i - 9. Let z be u/66 - (-100)/6. Suppose -18*l + 64 = -z*l. List the prime factors of l.
2
Let n(h) = h**2 - 4*h - 12. Let d be n(7). Suppose -5*c + d*c = 104. Let t = c - -46. What are the prime factors of t?
2, 3
Let l(g) = 2*g**2 + 11*g + 5. Let z(r) = r**2 + 5*r + 3. Let w(p) = 6*l(p) - 15*z(p). 